 j.
30
Suppose -3*m + 52 = -1103. Suppose -115*p + 90 = -112*p - 5*h, 222 = 6*p + 4*h. Calculate the highest common divisor of m and p.
35
Let d(i) = -2*i**2 + 9 + 6 - 40*i - 12. Let c be d(-20). What is the greatest common factor of 1 and c?
1
Let a(c) = c - 2. Let s(k) = -5*k + 44. Let v(l) = 6*a(l) + s(l). Let m be v(-23). Calculate the highest common factor of 6 and m.
3
Let x be 8 + -3 + (-131)/(-1*2/10). What is the highest common factor of 72 and x?
12
Let x(f) = f**3 + 48*f**2 - 16*f - 1119. Let z be x(-43). What is the highest common divisor of 6 and z?
6
Let t(w) = 172*w + 1430. Let a be t(-8). What is the highest common factor of 4 and a?
2
Suppose 20*i - 18937 = -4357. Suppose 141*r - i = 132*r. Calculate the greatest common factor of r and 135.
27
Suppose 2*z + 7 = 1. Let m be (479 - (-5 + 1))/(z/(-2)). Calculate the highest common factor of 14 and m.
14
Let z be -1*(1 - 4) - (40 - (-44190)/(-45)). Suppose 4*a - 34 = 26. What is the highest common factor of a and z?
15
Let u = -2718 - -4724. Calculate the greatest common factor of 354 and u.
118
Let g(h) = -h**2 + 36*h + 638. Let j be g(49). Calculate the highest common factor of j and 395.
1
Let h be (27/45)/((-5)/(-250)). Suppose -3*t + 0*t = -45. Let o be (t*-1)/((-9)/6). What is the highest common divisor of o and h?
10
Let a be -10 + 1950/40 + -9 + 2/8. Calculate the highest common factor of a and 4335.
15
Let r = 3994 - 3679. What is the highest common divisor of 280 and r?
35
Suppose r + 3*d - 44437 = 0, -214832 = -4*r - 3*d - 37102. Calculate the highest common factor of 283 and r.
283
Let k = -127 + 152. Suppose 0 = -k*d + 17*d + 472. What is the highest common divisor of d and 295?
59
Let w be (-4)/(-1 - -5) + 1141. Let v = w + -672. What is the greatest common divisor of v and 52?
52
Let b = -33 - -24. Let k = -7 - b. Suppose -k*s - 8 = -g, -3*g + 2*g + 5*s = 1. Calculate the highest common factor of 42 and g.
14
Let n(j) = -j**2 - 19*j - 4. Let a be n(-9). Suppose -91 = -3*z + a. Let c = z - 50. What is the greatest common factor of c and 9?
9
Suppose 0 = 4*i - 4*t - 140, -3*t - 17 - 123 = -4*i. What is the highest common factor of i and 24360?
35
Let r(m) = 89*m**3 - 4*m**2 - 12*m + 15. Let w be r(1). Calculate the greatest common factor of 77 and w.
11
Let q = 11 - -140. Suppose -17 = 4*t + q. Let a = t + 52. What is the highest common factor of a and 5?
5
Let y(g) be the third derivative of -g**6/120 - 2*g**5/5 - 7*g**4/2 - 16*g**3/3 + 265*g**2. Let h be y(-20). What is the highest common divisor of h and 96?
48
Suppose -15*p + 897 = -2*p. Suppose p = 26*y - 373. Calculate the greatest common factor of 34 and y.
17
Suppose -25 = -x + 5*q, 5*x = -5*q - 9 + 14. Suppose 2*o = -x*k + 1350, 457 + 107 = 2*k - 4*o. Calculate the greatest common factor of k and 16.
16
Let f = -399 + 397. Let m be f*177/(-4)*(-28)/(-6). Calculate the highest common factor of m and 59.
59
Let x = 1888 - 1018. Let k = 944 - x. Calculate the greatest common factor of k and 222.
74
Suppose 0 = -5*x - 5*z + 295, -5*x - 3*z + 57 + 240 = 0. Let i be (-28)/(-2) - (3 - 1). Calculate the highest common factor of i and x.
12
Let i(s) = 21*s**2 - 141*s + 36. Let k be i(7). Let n be -2 - -13 - (-1 + -1). Calculate the greatest common divisor of n and k.
13
Let u(h) = -h**2 - 103*h - 711. Let d be u(-59). Calculate the greatest common factor of d and 319.
29
Let o be (-2 - 69) + 6 + -2. Let u = o + 81. Let w(l) = -16*l + 12. Let r be w(-8). Calculate the greatest common factor of r and u.
14
Let b = 848 + -810. Let a be (28/b)/(-7) - 60196/(-38). What is the highest common factor of a and 44?
44
Let f = -55 - -57. Let w be (-2)/(-6) + (-141)/(-9). Suppose f*t - 84 = -3*b, 4*t - w = -3*b + 164. Calculate the highest common factor of 6 and t.
6
Let m be ((-2)/(-4))/((-7)/(-14)) - 9. Let t = 18 + m. Suppose 3*r = -t + 91. Calculate the greatest common divisor of r and 18.
9
Let b(q) = -216*q**3 + 9*q**2 + 12*q + 3. Let k be b(-1). Calculate the greatest common divisor of 592 and k.
8
Let o(a) = 57*a**2 + 36*a - 168. Let v be o(10). Calculate the highest common divisor of 24 and v.
12
Let p be 121941/85 + (4/10)/1. Let b = -7790 - -7825. Calculate the highest common divisor of p and b.
35
Let n = 10270 + -10159. Calculate the highest common divisor of n and 3.
3
Suppose 30 = -5*s - 0. Let f(c) = -c**3 - 5*c**2 + 6*c + 9. Let z be f(s). Suppose -29*g + z = -26*g. What is the greatest common factor of 33 and g?
3
Suppose -13*g + 408 - 70 = 0. What is the highest common factor of g and 130?
26
Let k(t) = 7*t + 4. Let u be k(7). Let l = 391 - u. What is the highest common divisor of 26 and l?
26
Suppose -1737 = -3*w + 3*b, 54*w - 57*w + 1713 = 3*b. What is the greatest common factor of 115 and w?
115
Let u(z) = 315*z**2 - 7*z - 15. Let c be u(-4). Calculate the greatest common divisor of c and 31.
31
Let q(n) = -1 - 3 - 17*n + 2. Let f be q(-6). Let w = -80309 - -80334. Calculate the highest common divisor of w and f.
25
Let a(j) = 639*j + 4476. Let p be a(-7). Let s = 130 + -37. What is the highest common divisor of p and s?
3
Suppose -u + 11902 = 4*g, 5*g - 5*u + 511 = 15376. Calculate the highest common factor of g and 15.
5
Let k = 97 - 71. Suppose -2*j = y - 18, -2*j = -2*y - 0*y - 18. Let m be 39/1*(j - 8). Calculate the greatest common divisor of k and m.
13
Let x be 85 + 7/(7/11). Suppose -4*u - 33 = -l - 174, -5*l = -15. Calculate the greatest common divisor of u and x.
12
Let f be 810/(-2295) + 106365/85. Calculate the greatest common factor of 695 and f.
139
Suppose -15*i = 1052 - 10877. Let l = i + -639. Calculate the highest common divisor of l and 22.
2
Let c be ((-204)/(-30))/(((-28)/120)/7). Let m be (-2 - -3) + (-3 - -4). Let l be (c/36)/(m/(-12)). What is the highest common factor of 17 and l?
17
Suppose -5*y = -4*g - 876, 3*g = -2*g - 4*y - 1095. Let w = g + 256. What is the highest common divisor of 1 and w?
1
Let t = -6 + 3. Let s be (-45)/(-2)*(-8)/t. Suppose 357 = 4*l - 3*x, -3*l - 548*x + 273 = -545*x. Calculate the highest common divisor of l and s.
30
Let l be 1/((-13)/7 - -2). Suppose -8*p = 108 - 12. Let t(w) = -3*w**2 - 40*w - 13. Let f be t(p). Calculate the highest common divisor of f and l.
7
Let n = -32 + 181. Let w = -4191 - -4198. Suppose w*c - n = 82. Calculate the greatest common divisor of 22 and c.
11
Suppose 2*p - 37 = -33. Suppose 0 = p*y + 4*c + c - 64, 5*c + 230 = 5*y. What is the greatest common divisor of y and 105?
21
Suppose -u = 5*z - 102, -2*z = -6*z - 5*u + 90. Let h be ((-36)/z)/(-3)*(11 - 6). Calculate the highest common divisor of 3 and h.
3
Let y be ((72/27)/(-4))/((-2)/(-18)). Let s be y*1 - (-13 - 43)*1. What is the highest common divisor of s and 1400?
50
Let d be 1080/3*(2 - (-48)/(-30)). Calculate the greatest common factor of 1536 and d.
48
Let c = -2821 - -7380. Calculate the greatest common factor of 94 and c.
47
Let w(c) = -45*c + 868. Let x be w(18). What is the highest common factor of 638 and x?
58
Let v = 56 + -53. Suppose 0 = 3*i - f - 2, 4*i - i - v*f - 6 = 0. Suppose 14*g - 12*g - 48 = i. Calculate the highest common factor of g and 18.
6
Let o = -189 + 231. What is the greatest common divisor of 1281 and o?
21
Let y(g) = 14*g**3 - 3*g**2 - 2*g + 2. Let p be -5 + 0 + -3 + 6. Let m be y(p). Let c = m + 182. Calculate the greatest common divisor of 16 and c.
16
Suppose -2*h = 0, -10*r + 1595 = -5*r - 3*h. Let v(i) = 13*i - 20. Let m be v(6). Calculate the greatest common factor of r and m.
29
Suppose 7*l - 10*l - i + 42 = 0, 4*l = -8*i + 56. What is the greatest common factor of l and 175?
7
Suppose -3*c = -218*u + 220*u - 1090, -2759 = -5*u + c. Calculate the highest common factor of 58 and u.
29
Let u be ((2 - -3) + -4)*41. Let b = u + -48. Let s be 20/(-70) + (-58)/b. Calculate the highest common divisor of s and 2.
2
Let d(y) = -8*y - 16. Let r be d(-12). Suppose 5*j + r = m, -5*j = 4*m - 3*j - 232. Let a = 23 - 8. What is the greatest common divisor of m and a?
15
Let r be 9*8/(-12) + (16 - -10). Calculate the highest common divisor of 5470 and r.
10
Suppose 5*t - 50 = d, 3*t - 5*d + 1 = 9. Let x be (1 + -9)/((-2)/t). Let f be (-2)/9 - (-266)/63. Calculate the highest common divisor of f and x.
4
Suppose 3*o + 2149 = -6*u + u, u + 421 =